70?
570
Calculate the greatest common divisor of 192142253 and 2806.
1403
What is the highest common factor of 168262569 and 17415?
1161
What is the greatest common factor of 1824870 and 48675?
885
Calculate the greatest common divisor of 120348952 and 1324.
1324
What is the greatest common factor of 119207600 and 9275?
1325
What is the highest common divisor of 494836 and 5?
1
Calculate the highest common factor of 263199897 and 873.
873
What is the greatest common factor of 17724 and 797?
1
What is the highest common factor of 2862030 and 90?
30
What is the greatest common factor of 74066 and 17197?
29
What is the greatest common factor of 9236052 and 7749?
189
Calculate the greatest common divisor of 805 and 4262230.
35
Calculate the greatest common divisor of 3654 and 16657542.
522
What is the greatest common factor of 22 and 4818726?
22
Calculate the greatest common divisor of 157762 and 6106.
142
What is the highest common factor of 54140177 and 190646?
3287
What is the highest common divisor of 1236275 and 26500?
25
What is the highest common factor of 3166569 and 26019?
63
What is the greatest common factor of 185 and 211905?
5
Calculate the greatest common factor of 2451509 and 28075.
1123
Calculate the greatest common divisor of 11827158 and 3534.
114
Calculate the highest common divisor of 1126599996 and 6648.
3324
What is the greatest common divisor of 9827289 and 435364?
3511
Calculate the highest common divisor of 278663 and 182917.
49
What is the highest common divisor of 67459 and 6473131?
2933
Calculate the highest common factor of 72 and 17915592.
24
Calculate the highest common factor of 70668 and 9643464.
5436
Calculate the highest common factor of 826353 and 2086920.
1683
Calculate the greatest common factor of 200 and 4736880.
40
Calculate the greatest common factor of 35347980 and 228.
228
What is the greatest common factor of 780868 and 4862?
22
Calculate the greatest common factor of 19380 and 4692.
204
What is the highest common divisor of 3168 and 1818630?
198
What is the highest common factor of 11036 and 57908?
124
Calculate the greatest common divisor of 1932 and 5999826.
966
What is the greatest common divisor of 35176830 and 195?
195
Calculate the highest common factor of 5627 and 45271.
17
Calculate the highest common divisor of 5752635 and 9135.
105
Calculate the highest common divisor of 15597 and 74592.
9
What is the highest common divisor of 16 and 42582192?
16
Calculate the greatest common divisor of 7424 and 908032.
256
Calculate the highest common divisor of 2390 and 13081570.
10
What is the highest common divisor of 260 and 1906151?
13
Calculate the highest common divisor of 511769 and 168367.
1667
Calculate the highest common divisor of 231626552 and 172.
172
What is the highest common factor of 265 and 232933940?
265
What is the highest common factor of 310665 and 28170?
15
What is the highest common divisor of 4590 and 720030?
30
Calculate the greatest common divisor of 24123928 and 40.
8
What is the highest common divisor of 131 and 2582370905?
131
What is the greatest common factor of 76131448 and 128?
8
Calculate the greatest common divisor of 90770 and 7421230.
3130
What is the highest common factor of 295764 and 91043?
503
What is the greatest common divisor of 1407313 and 39976?
263
Calculate the greatest common factor of 2225 and 7248225.
25
Calculate the greatest common factor of 26 and 5349149.
13
What is the greatest common factor of 432 and 102936?
24
What is the highest common divisor of 191420 and 7140?
340
What is the highest common factor of 184 and 6720163?
23
What is the greatest common factor of 1555511 and 25441?
19
What is the highest common factor of 2691 and 952224?
39
What is the greatest common factor of 3384521855 and 659?
659
What is the greatest common factor of 171 and 16928829?
171
What is the greatest common factor of 2197 and 400958077?
169
What is the greatest common divisor of 40 and 593570?
10
Calculate the greatest common factor of 2142 and 46590642.
2142
Calculate the highest common divisor of 17937 and 19773.
9
What is the greatest common divisor of 1315 and 610?
5
Calculate the highest common divisor of 16101 and 272529.
9
Calculate the highest common divisor of 4350 and 88690.
10
Calculate the highest common divisor of 72774 and 323406.
18
Calculate the greatest common divisor of 2481003 and 945.
189
What is the greatest common factor of 53 and 18429319?
53
What is the greatest common divisor of 21864900 and 300?
300
What is the highest common factor of 2744 and 22407161?
343
What is the highest common factor of 87720 and 24328?
8
What is the highest common factor of 452 and 135329478?
226
What is the highest common factor of 13243 and 204250?
19
Calculate the highest common divisor of 133552 and 649196.
68
What is the highest common divisor of 8085272 and 520?
104
What is the greatest common factor of 1950 and 767650?
650
What is the greatest common factor of 665 and 122845583?
133
What is the highest common factor of 15 and 248769705?
15
What is the greatest common divisor of 16058 and 10?
2
Calculate the greatest common factor of 3264 and 3334108.
68
Calculate the highest common factor of 448809 and 48.
3
What is the greatest common factor of 77583688 and 494?
494
What is the greatest common factor of 37694608 and 46?
46
What is the highest common divisor of 2752233 and 1254?
33
Calculate the greatest common factor of 274 and 201410002.
274
Calculate the highest common divisor of 1081289 and 1529.
11
What is the greatest common factor of 2722260 and 1473404?
3076
What is the highest common factor of 45 and 527415?
15
What is the greatest common factor of 60 and 45794220?
60
What is the highest common factor of 304698 and 18?
6
What is the highest common divisor of 117658123 and 44?
11
Calculate the greatest common factor of 374708797 and 29.
29
What is the highest common factor of 343147298 and 182?
26
Calculate the highest common factor of 4556 and 349996.
68
What is the highest common factor of 54 and 25987260?
6
Calculate the highest common factor of 994 and 81760334.
142
What is the greatest common factor of 648 and 3874230?
162
What is the highest common divisor of 87104579 and 1588?
397
What is the highest common factor of 803 and 7997726?
11
What is the greatest common divisor of 174 and 777701874?
174
Calculate the greatest common factor of 14264233 and 1055.
211
Calculate the highest common divisor of 8818 and 3049749390.
8818
What is the greatest common factor of 21543 and 41753?
43
Calculate the highest common divisor of 15788710 and 27965.
1645
What is the greatest common divisor of 660 and 268734180?
660
What is the greatest common factor of 14059710 and 7470?
90
What is the greatest common factor of 31 and 600529706?
31
Calculate the greatest common divisor of 844512 and 18012.
228
Calculate the highest common divisor of 448 and 850048.
64
Calculate the greatest common factor of 1139990 and 66410.
290
What is the highest common divisor of 6080 and 70496080?
1520
What is the greatest common factor of 24570 and 1794?
78
What is the highest common factor of 1148 and 399896042?
574
Calculate the greatest common factor of 8958461 and 106943.
467
What is the greatest common divisor of 2723 and 17415919?
389
Calculate the highest common divisor of 192154 and 49996.
58
What is the highest common divisor of 41171336 and 34?
2
What is the greatest common divisor of 1553281058 and 2414?
2414
Calculate the greatest common factor of 705 and 77265075.
15
Calculate the greatest common factor of 981193 and 96871.
73
Calculate the greatest common factor of 229710 and 2670960.
930
Calculate the highest common divisor of 4233250 and 1025.
1025
What is the greatest common divisor of 693026515 and 470?
235
What is the highest common factor of 57281042 and 910?
182
What is the greatest common divisor of 544408 and 200?
8
What is the highest common divisor of 31856 and 8646?
22
Calculate the greatest common factor of 3648957 and 247.
13
What is the greatest common factor of 354 and 61088895?
177
Calculate the highest common divisor of 6 and 5806023.
3
Calculate the greatest common factor of 26 and 1000679797.
13
Calculate the highest common divisor of 30312 and 7